False
Is 1305 a factor of 1958805?
True
Does 789 divide 397468218?
True
Is 49088936 a multiple of 1924?
True
Is 257 a factor of 380333612?
False
Does 3717 divide 502153474?
False
Is 12723734 a multiple of 5?
False
Is 195 a factor of 480995951?
False
Is 13880418 a multiple of 6?
True
Does 69 divide 15192635?
False
Does 16 divide 108661684?
False
Does 25 divide 2099384775?
True
Is 87046740 a multiple of 165?
True
Is 873 a factor of 454833?
True
Is 2344062950 a multiple of 1871?
False
Does 18 divide 158895702?
True
Is 3 a factor of 178081122?
True
Is 25003080 a multiple of 37?
False
Is 383237 a multiple of 157?
True
Does 2075 divide 2823805396?
False
Does 2147 divide 41956674?
True
Is 3837378 a multiple of 643?
False
Does 36 divide 1022760?
True
Is 59 a factor of 5714166933?
True
Is 136 a factor of 51185055?
False
Does 132 divide 1443677796?
True
Is 947729596 a multiple of 45?
False
Does 24 divide 15817200?
True
Does 15 divide 3110619585?
True
Does 35 divide 741209381?
False
Is 4207869792 a multiple of 13664?
True
Does 84 divide 62126988?
True
Is 6928125 a multiple of 24?
False
Does 8 divide 9170064?
True
Does 1360 divide 2146113?
False
Is 45 a factor of 54152868?
False
Is 5 a factor of 314904275?
True
Is 52975578 a multiple of 767?
False
Is 2932 a factor of 37972332?
True
Is 169810863 a multiple of 113?
True
Does 238 divide 313568526?
False
Does 21 divide 251272350?
True
Does 371 divide 582626191?
True
Does 26 divide 70554458?
True
Is 17697596 a multiple of 689?
False
Is 3916 a factor of 292354773?
False
Is 32 a factor of 106323026?
False
Is 215 a factor of 5773553?
False
Is 1904 a factor of 562462544?
True
Does 137 divide 15228372?
True
Is 1328780325 a multiple of 995?
False
Does 1473 divide 56164189?
False
Is 1221602 even?
True
Is 1529735328 a multiple of 66?
True
Is 15072800 a multiple of 332?
True
Is 65034900 a multiple of 405?
True
Is 18 a factor of 46050426?
True
Is 5612160713 a multiple of 7507?
False
Does 282 divide 34942620?
True
Is 100 a factor of 48386075?
False
Is 29406223 a multiple of 199?
False
Is 2886152 a multiple of 183?
False
Is 25 a factor of 103266059?
False
Does 7 divide 5863184?
False
Is 22589240 a multiple of 20?
True
Is 27682443 a multiple of 367?
True
Does 4894 divide 15761813?
False
Is 22 a factor of 332976024?
False
Does 24 divide 361138869?
False
Is 111828276 a multiple of 12?
True
Is 384 a factor of 170214492?
False
Is 7 a factor of 21255353?
True
Is 1107752499 a multiple of 9?
True
Does 69 divide 178484646?
True
Is 1798516188 a multiple of 4?
True
Is 24 a factor of 692116176?
True
Is 754920812 a multiple of 1001?
False
Is 154397504 a multiple of 139?
False
Is 1516437958 a multiple of 35?
False
Is 6 a factor of 236978454?
True
Does 1162 divide 73380098?
False
Is 28 a factor of 3475528?
True
Does 2 divide 64623822?
True
Is 1389 a factor of 5864358?
True
Is 3577 a factor of 3257788373?
False
Is 35 a factor of 90691784?
False
Is 3367916636 a multiple of 3164?
True
Does 185 divide 1286964710?
True
Is 3009825197 a multiple of 718?
False
Is 2148 a factor of 519742968?
True
Is 31018545 a multiple of 22?
False
Does 78 divide 126675978?
True
Is 197 a factor of 57131765?
False
Is 187561315 a multiple of 1231?
True
Does 16 divide 123673632?
True
Is 19 a factor of 59932194?
True
Does 337 divide 12457981?
False
Does 8407 divide 2004438975?
True
Is 916433913 a multiple of 7?
False
Does 204 divide 794469862?
False
Is 20400594 a multiple of 830?
False
Is 223 a factor of 189505623?
True
Does 39 divide 358510347?
True
Is 1392 a factor of 88557964?
False
Is 4018131 a multiple of 17?
False
Is 13 a factor of 715703272?
False
Is 194833652 a multiple of 364?
False
Does 3440 divide 3458049680?
True
Is 19941411 a multiple of 21?
True
Is 83124947 a multiple of 35?
False
Is 34 a factor of 3971132?
True
Does 7506 divide 3611061540?
True
Is 4207613 a multiple of 6?
False
Is 42 a factor of 28598217?
False
Does 58 divide 723041050?
True
Is 1296892008 a multiple of 9?
True
Does 4532 divide 114505702?
False
Is 754699756 a multiple of 36?
False
Is 330730512 a multiple of 56?
True
Does 623 divide 659134?
True
Is 64 a factor of 25291840?
True
Is 5669029 a multiple of 41?
True
Is 446 a factor of 67697894?
True
Is 10 a factor of 65345947?
False
Is 737 a factor of 121549725?
True
Does 10 divide 1065747?
False
Is 778559390 a multiple of 133?
True
Is 430 a factor of 227319910?
False
Does 363 divide 124529815?
False
Does 5166 divide 3577842907?
False
Is 173789948 a multiple of 1427?
False
Is 148 a factor of 14754974?
False
Is 48025338 a multiple of 26?
False
Is 1921 a factor of 968986978?
True
Is 827 a factor of 32609858?
False
Is 1011 a factor of 12520224?
True
Is 33533410 a multiple of 560?
False
Is 96541191 a multiple of 17?
False
Is 6586343 a multiple of 2?
False
Is 1044 a factor of 28502425?
False
Is 35 a factor of 21644105?
True
Is 236506306 a multiple of 11?
False
Is 45962318 a multiple of 15?
False
Does 7 divide 3051487?
False
Does 1851 divide 72358329?
False
Is 2604 a factor of 88785122?
False
Does 7 divide 63967928?
False
Is 18858840 a multiple of 7?
True
Is 785494 even?
True
Is 13128049 a multiple of 75?
False
Does 4 divide 555308?
True
Is 1151 a factor of 81594390?
True
Is 14 a factor of 151453820?
True
Is 924261548 a multiple of 14?
True
Is 248 a factor of 261955704?
True
Is 9938016 a multiple of 32?
True
Is 3055 a factor of 24962405?
True
Is 7025782 a multiple of 52?
False
Is 272526540 a multiple of 65?
True
Is 398138381 a multiple of 161?
False
Does 629 divide 32833800?
True
Is 140 a factor of 69359286?
False
Is 29675646 a multiple of 154?
True
Does 132 divide 3679219543?
False
Is 4054092638 a multiple of 1964?
False
Is 94721243 a multiple of 3?
False
Does 505 divide 29047095?
True
Does 97 divide 154218596?
False
Is 191816922 a multiple of 125?
False
Does 6809 divide 3739382?
False
Is 1525771763 a multiple of 131?
False
Is 384740334 a multiple of 758?
True
Does 49 divide 110693782?
False
Does 541 divide 15466860?
False
Does 115 divide 19144067?
False
Does 51 divide 169068162?
True
Does 65 divide 469148420?
True
Is 1592 a factor of 228187728?
True
Is 277216277 a multiple of 97?
False
Does 1145 divide 53407523?
False
Is 203 a factor of 78344088?
False
Is 4 a factor of 7335824?
True
Is 4 a factor of 104593768?
True
Is 221350659 a multiple of 4425?
False
Is 11852548 a multiple of 109?
False
Is 183646224 a multiple of 27?
True
Does 28 divide 6762532?
True
Is 21340615 a multiple of 535?
True
Is 8103620 a multiple of 692?
False
Is 478 a factor of 102024743?
False
Does 554 divide 719059231?
False
Does 186 divide 115868151?
False
Is 505210065 a multiple of 681?
True
Does 801 divide 933376464?
True
Does 487 divide 701680801?
True
Is 42 a factor of 2813918652?
False
Does 72 divide 4145677560?
True
Is 52072819 a multiple of 17?
True
Is 526295460 a multiple of 30?
True
Is 6 a factor of 6564976?
False
Is 919 a factor of 78758120?
False
Is 242260558 a multiple of 3807?
False
Does 8 divide 14908548?
False
Is 5396 a factor of 1321052799?
False
Is 24272334 a multiple of 842?
True
Is 1466167719 a multiple of 331?
False
Is 278530947 a multiple of 423?
False
Does 301 divide 171734948?
True
Is 2766618298 a multiple of 78?
False
Does 233 divide 1702099?
False
Is 4 a factor of 69069843?
False
Does 167 divide 1017381490?
False
Does 15 divide 22971120?
True
Does 16 divide 255625613?
False
Is 664 a factor of 423788040?
True
Does 228 divide 21099804?
True
Is 7049930 a multiple of 23?
False
Does 2356 divide 8777299?
False
Is 272 a factor of 27166209?
False
Is 147251574 a multiple of 54?
True
Is 170 a factor of 60918895?
False
Is 1492147260 a multiple of 90?
True
Is 67097524 a multiple of 52?
True
Is 39 a factor of 18039747?
False
Is 486 a factor of 610681058?
False
Is 97 a factor of 13424606?
True
Is 823451594 a multiple of 4031?
False
Is 2487 a factor of 201287832?
True
Is 623599180 a multiple of 35?
False
Is 36 a factor of 32871312?
True
Is 58876915 a multiple of 19?
True
Does 56 divide 523654447?
False
Is 471789446 a multiple of 3132?
False
Is 49 a factor of 86365457?
False
Does 80 divide 346700640?
True
Is 664126764 a multiple of 217?
True
Does 209 divide 117891318?
False
Is 16952124 a multiple of 1218?
True
Is 57 a factor of 55787529?
False
Is 309452777 a multi